 8*m - 44. Let a(j) = -j**3 + 3*j**2 + 3*j + 8. Let q be a(4). Calculate the remainder when v(q) is divided by 20.
16
Let y = -1535 - -3658. What is the remainder when y is divided by 112?
107
Suppose 20676 = 349*o - 14224. Calculate the remainder when o is divided by 18.
10
Suppose 2*k + x + 741 + 79 = 0, 4*x = -2*k - 826. Let u = 425 + k. What is the remainder when 75 is divided by u?
11
Let x(o) = -363*o - 18837. Suppose -2*j = -5*j + 36. Calculate the remainder when x(-52) is divided by (12/(-18))/((-1)/j).
7
Calculate the remainder when 957 + (-5)/(95/(-361)) is divided by 238.
24
Let y(l) = l**2 + l - 38. Let j be y(0). Let b = 93 + j. Suppose -1409 + 488 = -81*f + 1590. Calculate the remainder when b is divided by f.
24
Let s = 37 + -21. Suppose -o + s = 3*o. What is the remainder when (19 - -13) + 1/(5/15) + -8 is divided by o?
3
Suppose 2*w - 32 = 2. Let c(a) = 10*a - 9*a - 2*a**2 + 7*a + 19 + 19*a. What is the remainder when c(9) is divided by w?
15
Suppose -5*g + 3*h - 906 = -11*g, -4*g + 594 = h. What is the remainder when g is divided by 4/14 - 264/(-7)?
32
Let f(n) = -16*n - 14. Let i be f(-3). Suppose 36*x - i*x = -144. What is the remainder when 59 is divided by (x/21)/(4/(-14))?
11
What is the remainder when (-29)/261*-36 - 18950/(-2) is divided by 19?
17
Suppose -4*w + 50 = -2*w. Let z(k) = -k**2 - 1621*k - 11175. What is the remainder when z(-7) is divided by w?
23
Let k = -592 + 602. What is the remainder when 114 is divided by k?
4
Let d = 185 - 187. Suppose 1292 = -5*z - 3*o + 97, 0 = z - 3*o + 221. Calculate the remainder when z/(0 + 0 + d) is divided by 40.
38
Let b be -1 - (-1 - 1) - -4. Suppose -2*l + 0 = -60. Suppose 8*x - b*x = l. Calculate the remainder when x is divided by 1.
0
Suppose 3*r - 2 = i + 10, r - 11 = -2*i. Suppose 0 = -3*g - 5*b + 43 + 33, 0 = r*g + b - 112. Calculate the remainder when 40 is divided by g.
18
Suppose p + 617 - 67 = -3*g, -g = -3*p + 170. Let q = 191 + g. What is the remainder when q is divided by 2?
1
Let p(n) = -n**3 - 16*n**2 - 2*n - 21. Let w be p(-16). Let k(c) = 4*c - 2. What is the remainder when k(w) is divided by 11?
9
Calculate the remainder when -13 - 66473/(-88) - (-9)/(-24) is divided by 731.
11
Suppose -150 = 18*u - 24. Calculate the remainder when 180 is divided by (96/(-16))/(1/u).
12
Let f(y) = -96*y - 2173. Calculate the remainder when f(-49) is divided by 120.
11
Let u = 11166 + -11159. Calculate the remainder when 1609 is divided by u.
6
Suppose -3*r = 2*q - 91, r + 67 + 12 = 2*q. Suppose 0 = 2*h + 6, -16 + 175 = a + h. Calculate the remainder when a is divided by q.
39
Let t be ((-4)/12)/((-1)/(-471)). Let k = -150 - t. Calculate the remainder when 83 is divided by k.
6
Let g be ((-2)/(-3))/(6/(-369)). Let b = g - -140. Calculate the remainder when b is divided by 17.
14
Let g = -6709 - -7263. Calculate the remainder when g is divided by 54.
14
Let v = -129 - -196. Let l = v + -47. Calculate the remainder when 217 is divided by l.
17
Let n = 457 - 454. Suppose -2*b = n*h + 3*b - 265, 2*h = 5*b + 135. Calculate the remainder when h is divided by 26.
2
Suppose -154 = 2*x - 0*x. Let q = x - -91. Calculate the remainder when 109 is divided by q.
11
Let a(b) = -b**3 - 7*b**2 + 6*b - 12. Let r be a(-9). Suppose 0 = r*j - 81*j - 270. What is the remainder when 120 is divided by j?
12
Suppose 0 = 5*q - 2*r - 1127, 4*q - 19 - 855 = -3*r. What is the remainder when 486 is divided by q?
40
Suppose 22*u = 17*u + 175. Let a = -1611 + 1850. What is the remainder when a is divided by u?
29
Suppose 70 + 126 = -4*a. Let c = 21 - a. Let m = -255 - -291. What is the remainder when c is divided by m?
34
Let t = 164 + -96. Suppose 267*b - 263*b - t = 0. What is the remainder when 185 is divided by b?
15
Let j(u) be the third derivative of 0 + 10/3*u**3 + 1/12*u**4 + 0*u + 4*u**2. What is the remainder when 6 is divided by j(-9)?
0
Let v = 1771 - 1140. What is the remainder when v is divided by 163?
142
Suppose -14*r - 99*r = -8701. What is the remainder when r is divided by 24?
5
Suppose 0 = -36*z + 29*z + 210. Suppose -z*t + 20*t = -190. Calculate the remainder when 149 is divided by t.
16
Suppose -i - 5*z + 3 = 0, 3*i - 5*z - 3 = 6. Calculate the remainder when i/(-4) - 0 - (-5005)/28 is divided by 45.
43
Let n(q) = q**3 + 12*q**2 - 31*q - 28. Let k be n(-14). Calculate the remainder when 188 is divided by (-1206)/(-126) + (-8)/k.
8
Suppose -341*k - 2551 = -325*k - 8663. What is the remainder when k is divided by 24?
22
Let i(v) = 2*v**2 - 7*v - 3. Suppose -270*z + 262*z + 736 = 0. Calculate the remainder when z is divided by i(6).
11
Suppose -b + 3*r = -32, -3*b + 7*b + 2*r = 198. Let w = 2440 - 2414. What is the remainder when b is divided by w?
21
Suppose -67*x + 71*x = 3*r + 774, 970 = 5*x - 5*r. What is the remainder when x is divided by 7?
3
Let t = -93 - -180. Let h(c) = 22*c**2 + 933*c + 411. What is the remainder when t is divided by h(-42)?
21
Suppose 2*c + 62 = 3*j, -j + 11 = c - 8. Calculate the remainder when 957 is divided by j.
17
Let v(l) = -l**2 - 15*l + 5. What is the remainder when v(-9) is divided by ((1 - 0) + -32)*(1 - 2)?
28
Let v = 46 + 192. Suppose -v*x - 36 = -240*x. Calculate the remainder when (-399)/(-12) - (-3)/(-12) is divided by x.
15
Suppose -15*g = -43 - 137. Calculate the remainder when (-6 - (0 - 3))/(6/(-68)) is divided by g.
10
Let k = -6129 + 6148. Let p(s) be the first derivative of 17*s**3/3 + 3*s**2/2 - s + 6. What is the remainder when p(2) is divided by k?
16
Let c = 772 - 414. Let l = -352 + c. Calculate the remainder when 63 is divided by l.
3
Let z(g) = g. Let m(y) = -5*y**2 + 5*y - 24. Let b(p) = -m(p) - 6*z(p). What is the remainder when b(6) is divided by 10?
8
Suppose 12 - 12 = -8*u. Suppose u*q = -4*q + 360. What is the remainder when q is divided by 7?
6
Let n = 20 - -8. Suppose -4*z + n = -840. What is the remainder when z is divided by 44?
41
Calculate the remainder when 226 is divided by (44/(-132))/(3/(-612)).
22
Suppose -2*g + 3*x + 25 = 16, 15 = 5*g - 5*x. Suppose -3 = -3*h + 9. Suppose -69 = h*z + 4*i - 205, i + 1 = g. What is the remainder when z is divided by 12?
11
Let n(f) = -20*f + 10. Let g be n(-2). Let a = g - 48. Calculate the remainder when 86 is divided by ((0 - 4)*(-261)/18)/a.
28
Suppose -3*j + 4 = -8. What is the remainder when 90 is divided by ((-285)/10)/((-6)/j)?
14
Let t = 366 + -178. Let l = -116 + t. Suppose -7*m = m - l. What is the remainder when 16 is divided by m?
7
Let o = -374 - -612. Suppose -4*c + 120 = 2*g, 5*c - 19 - 131 = -5*g. Calculate the remainder when o is divided by c.
28
Let r = -70 + 78. Suppose -6*f + r = -16. Suppose -f*d = -2*d - 42. Calculate the remainder when 62 is divided by d.
20
Suppose b - 8 = 4*h, -4*b - 1 = 20*h - 25*h. Suppose -4*l + 4 = -16. What is the remainder when (72/(-16))/(b/16) is divided by l?
3
Let f(o) = 26 - 9*o - 10*o + 20*o - 10. Suppose 0*p - 4*p + 120 = 0. What is the remainder when p is divided by f(-7)?
3
Let u be 1*220/(0 - 1). Let m = u + 232. Calculate the remainder when 38 is divided by m.
2
Let s = 46 - -102. Suppose -4*g = -4*b + 208, 2*g + 0 = -6. What is the remainder when s is divided by b?
1
Let i be 4*(-1 - 108/(-8)). Suppose 0 = -3*k + u - 5*u + i, k - 13 = -5*u. Let b = 3 + k. What is the remainder when b is divided by 7?
0
Let v = 421 - 371. Suppose 4*x = 3*d + 70, 0*d = 3*x - d - v. Calculate the remainder when 124 + 0 + 0 + 1 is divided by x.
13
Let b = -69 + 72. Suppose 5*o + 90 = b*o. Let n = o - -65. Calculate the remainder when n is divided by 11.
9
Calculate the remainder when 2136 is divided by (-26)/143 + (-544)/((-114)/18 + -1).
64
Suppose 3*g - 218 - 604 = 0. Let v = g + -245. What is the remainder when 57 is divided by v?
28
Let k be 2/(-4) - (-7)/2. Suppose 202 = k*h + 52. Let s(u) = u**2 + 695*u - 3487. Calculate the remainder when h is divided by s(5).
11
Suppose 0 = 6*r - 5*h - 10862, 0 = 29*r - 32*r + 5*h + 5411. Calculate the remainder when r is divided by 65.
62
Let d(a) = -3*a - 28. Let k be 3 + (-21)/6 - 51/6. Let p be (55/33)/((-8)/k - 1). Calculate the remainder when 32 is divided by d(p).
15
Calculate the remainder when 1070 is divided by 8/8 - -8 - -28.
34
Suppose j + 5*u - 85 = 3, -5*j - 2*u + 440 = 0. Let p be 